e ten millions digit of 256380602?
5
What is the millions digit of 971867581?
1
What is the hundred thousands digit of 72934337?
9
What is the hundreds digit of 703965693?
6
What is the units digit of 17739765?
5
What is the hundred millions digit of 2476658084?
4
What is the ten millions digit of 1209168774?
0
What is the thousands digit of 485550168?
0
What is the units digit of 17688533?
3
What is the hundreds digit of 49998216?
2
What is the hundred thousands digit of 4697580525?
5
What is the millions digit of 1719114921?
9
What is the hundred millions digit of 1225007394?
2
What is the ten thousands digit of 2315236664?
3
What is the millions digit of 1205760710?
5
What is the hundreds digit of 1939531030?
0
What is the hundred millions digit of 2270597714?
2
What is the thousands digit of 32029796?
9
What is the ten thousands digit of 139894436?
9
What is the ten millions digit of 32567358?
3
What is the hundred thousands digit of 109616233?
6
What is the hundred thousands digit of 112698773?
6
What is the ten millions digit of 26226814?
2
What is the hundreds digit of 104434735?
7
What is the hundred thousands digit of 20987040?
9
What is the tens digit of 160630365?
6
What is the hundred thousands digit of 626543549?
5
What is the billions digit of 1260818361?
1
What is the ten thousands digit of 753419779?
1
What is the units digit of 8716989?
9
What is the tens digit of 19229981?
8
What is the units digit of 41688385?
5
What is the hundreds digit of 70823924?
9
What is the units digit of 1227185828?
8
What is the millions digit of 5854794795?
4
What is the hundreds digit of 165012788?
7
What is the units digit of 278798947?
7
What is the thousands digit of 1463893976?
3
What is the millions digit of 727259429?
7
What is the units digit of 1066107994?
4
What is the hundreds digit of 1506717895?
8
What is the millions digit of 37590295?
7
What is the thousands digit of 31364736?
4
What is the hundred thousands digit of 589497394?
4
What is the thousands digit of 7197382734?
2
What is the ten thousands digit of 185138049?
3
What is the ten millions digit of 1318301410?
1
What is the thousands digit of 335026027?
6
What is the millions digit of 825349908?
5
What is the hundred millions digit of 589920687?
5
What is the thousands digit of 619576359?
6
What is the hundred millions digit of 491971392?
4
What is the tens digit of 56134075?
7
What is the hundred millions digit of 223548661?
2
What is the units digit of 1513374421?
1
What is the millions digit of 3068684707?
8
What is the tens digit of 22048737?
3
What is the thousands digit of 385141101?
1
What is the millions digit of 3295028517?
5
What is the units digit of 425162409?
9
What is the hundred thousands digit of 56622665?
6
What is the ten millions digit of 2553051202?
5
What is the thousands digit of 445239372?
9
What is the ten thousands digit of 57970252?
7
What is the ten thousands digit of 1811136656?
3
What is the tens digit of 60678983?
8
What is the units digit of 47704107?
7
What is the thousands digit of 104872539?
2
What is the ten thousands digit of 80009189?
0
What is the hundreds digit of 25551278?
2
What is the ten millions digit of 123914395?
2
What is the millions digit of 3850621115?
0
What is the ten thousands digit of 1869431838?
3
What is the units digit of 64478742?
2
What is the tens digit of 1050617308?
0
What is the units digit of 827197578?
8
What is the millions digit of 62892476?
2
What is the units digit of 146848226?
6
What is the hundreds digit of 213333936?
9
What is the ten millions digit of 371232026?
7
What is the millions digit of 280437602?
0
What is the hundred thousands digit of 117875584?
8
What is the hundred millions digit of 221757594?
2
What is the thousands digit of 147149597?
9
What is the thousands digit of 31130882?
0
What is the ten millions digit of 990393221?
9
What is the ten thousands digit of 687714957?
1
What is the tens digit of 445384075?
7
What is the thousands digit of 116505050?
5
What is the ten thousands digit of 10672404?
7
What is the thousands digit of 251079953?
9
What is the thousands digit of 717768553?
8
What is the hundreds digit of 40196231?
2
What is the tens digit of 4159719778?
7
What is the millions digit of 168352101?
8
What is the ten millions digit of 250798313?
5
What is the millions digit of 315912555?
5
What is the hundred thousands digit of 73623990?
6
What is the thousands digit of 12337211?
7
What is the thousands digit of 2467141014?
1
What is the tens digit of 488103418?
1
What is the hundreds digit of 999475294?
2
What is the units digit of 621108473?
3
What is the millions digit of 50245765?
0
What is the ten millions digit of 47057147?
4
What is the hundreds digit of 478811990?
9
What is the hundred thousands digit of 28962218?
9
What is the ten thousands digit of 377324288?
2
What is the thousands digit of 310989943?
9
What is the ten thousands digit of 262487899?
8
What is the ten millions digit of 81657857?
8
What is the millions digit of 1693833761?
3
What is the tens digit of 3516625229?
2
What is the ten millions digit of 1763850947?
6
What is the thousands digit of 332672172?
2
What is the thousands digit of 110924966?
4
What is the tens digit of 1277320704?
0
What is the units digit of 467001580?
0
What is the ten millions digit of 82746861?
8
What is the ten millions digit of 155010011?
5
What is the ten millions digit of 60400273?
6
What is the ten thousands digit of 236644805?
4
What is the ten thousands digit of 8740051?
4
What is the millions digit of 545975075?
5
What is the millions digit of 463244327?
3
What is the ten millions digit of 918593685?
1
What is the tens digit of 44731575?
7
What is the hundreds digit of 60907237?
2
What is the ten millions digit of 16592836?
1
What is the ten thousands digit of 358296733?
9
What is the hundred millions digit of 936685549?
9
What is the hundred millions digit of 1455014942?
4
What is the hundreds digit of 83534134?
1
What is the ten thousands digit of 1617664865?
6
What is the thousands digit of 562354691?
4
What is the ten thousands digit of 3995895?
9
What is the thousands digit of 16620265?
0
What is the ten millions digit of 33111758?
3
What is the units digit of 1373224980?
0
What is the units digit of 36012472?
2
What is the hundred millions digit of 438001578?
4
What is the ten millions digit of 10472781?
1
What is the ten millions digit of 195719062?
9
What is the hundred millions digit of 780100787?
7
What is the hundred millions digit of 536666178?
5
What is the thousands digit of 54081459?
1
What is the tens digit of 33049330?
3
What is the tens digit of 125823231?
3
What is the tens digit of 6163888?
8
What is the thousands digit of 2368089977?
9
What is the tens digit of 23924127?
2
What is the hundred millions digit of 671357550?
6
What is the ten thousands digit of 3391610334?
1
What is the ten thousands digit of 512026848?
2
What is the ten thousands digit of 709801486?
0
What is the units digit of 304140874?
4
What is the hundreds digit of 379460184?
1
What is the units digit of 746916351?
1
What is the billions digit of 2529342140?
2
What is the thousands digit of 70245764?
5
What is the hundred millions digit of 2253974919?
2
What is the hundreds digit of 90874314?
3
What is the hundred millions digit of 502589626?
5
What is the units digit of 6527361634?
4
What is the ten thousands digit of 35367405?
6
What is the millions digit of 222670300?
2
What is the ten millions digit of 15973251?
1
What is the ten millions digit of 124343564?
2
What is the hundred millions digit of 146439586?
1
What is the ten millions digit of 426143691?
2
What is the hundred millions digit of 1763173334?
7
What is the tens digit of 168215833?
3
What is the hundreds digit of 1762071069?
0
What is the hundred millions digit of 1060002639?
0
What is the tens digit of 93244513?
1
What is the thousands digit of 9761383?
1
What is the units digit of 6585389?
9
What is the units digit of 789561338?
8
What is the ten millions digit of 22396422?
2
What is the ten thousands digit of 475018608?
1
What is the ten thousands digit of 96271985?
7
What is the units digit of 118178339?
9
What is the ten millions digit of 476364549?
7
What is th